{"id":4244,"date":"2026-04-30T08:39:01","date_gmt":"2026-04-30T06:39:01","guid":{"rendered":"https:\/\/ljubljanapridefestival.org\/dogodki\/molalatladi-wa-bonke-a-rainbow-for-all-of-us\/"},"modified":"2026-04-30T11:31:50","modified_gmt":"2026-04-30T09:31:50","slug":"molalatladi-wa-bonke-a-rainbow-for-all-of-us","status":"publish","type":"tribe_events","link":"https:\/\/ljubljanapridefestival.org\/en\/dogodki\/molalatladi-wa-bonke-a-rainbow-for-all-of-us\/","title":{"rendered":"Molalatladi wa Bonke: A Rainbow for all of us"},"content":{"rendered":"<p>[et_pb_section fb_built=&#8221;1&#8243; _builder_version=&#8221;4.27.6&#8243; _module_preset=&#8221;default&#8221; background_color=&#8221;gcid-056ddd95-f36c-4b68-a525-059afb18a33c&#8221; background_enable_image=&#8221;off&#8221; global_colors_info=&#8221;{%22gcid-056ddd95-f36c-4b68-a525-059afb18a33c%22:%91%22background_color%22%93}&#8221;][et_pb_row _builder_version=&#8221;4.27.6&#8243; _module_preset=&#8221;default&#8221; width=&#8221;95%&#8221; hover_enabled=&#8221;0&#8243; global_colors_info=&#8221;{}&#8221; sticky_enabled=&#8221;0&#8243;][et_pb_column type=&#8221;4_4&#8243; admin_label=&#8221;Column&#8221; _builder_version=&#8221;4.27.6&#8243; _module_preset=&#8221;default&#8221; global_colors_info=&#8221;{}&#8221;][et_pb_text _builder_version=&#8221;4.27.6&#8243; _module_preset=&#8221;default&#8221; text_font=&#8221;salmond|800|||||||&#8221; text_text_color=&#8221;#FFFFFF&#8221; custom_margin=&#8221;25px||25px||true|false&#8221; hover_enabled=&#8221;0&#8243; global_colors_info=&#8221;{}&#8221; sticky_enabled=&#8221;0&#8243;]<\/p>\n<p><strong>Join us for an hour to explore connections from artists and activists travelling from Slovenia to South Africa to Slovenia. Throughout the documentary \u201cMolalatladi wa Bonke\u201d we will follow South African human rights activists and archivist, Bonke Sonjani (he\/they) from their home in South Africa to attend Ljubljana Pride week 2025. Through Bonke\u2019s journey, filmmaker Theto Maleka shows us a sensory, mosaic-style documentary connecting global voices across 21 countries, following the cultural bridge between South Africa and Slovenia during Ljubljana Pride 2025 to prove that joy is the ultimate blueprint for transnational policy.<br \/>The documentary will be accompanied by an artist talk with Theto and Bonke, as well as an exhibition from Slovene photographer and cultural worker, Katja Goljat, who was key in initiating the partnership between Ljubljana Pride and South African LGBTIQ+ activists.<br \/>   <\/strong><\/p>\n<p><strong><span style=\"text-decoration: underline;\">Description of Documentary:<\/span>  <\/strong><strong>Molalatladi wa Bonke je vezenina svetovne solidarnosti LGBTQI+, kjer se veselje spremeni v politiko. Ta inovativni, nelinearni film sledi mo\u010di transnacionalnih omre\u017eij skozi prepleteni mozaik \u0161estih globalnih glasov. Sledi Bonkeju, ju\u017enoafri\u0161kemu aktivistu, med njegovim povezovanjem z evropskimi aktivistkami_i na Ljubljanskem Prajdu 2025, mapira kulturno izmenjavo, skupne strategije in kolektivno odpornost.  <\/strong><\/p>\n<p><strong>In just 30 minutes, the documentary delves into:<\/strong><\/p>\n<ul>\n<li><strong>Combating hate speech through visibility and storytelling.<br \/><\/strong><\/li>\n<li><strong>The politics of joy as a force for policy change.<\/strong><\/li>\n<li><strong>The future of international queer collaboration and mutual support.<\/strong><\/li>\n<\/ul>\n<p><strong>It serves as a vivid portrait of how personal courage translates into policy ambition, Molalatladi wa Bonke invites viewers to witness, reflect, and imagine a more interconnected, inclusive future for LGBTQI+ activism worldwide.<\/strong><\/p>\n<p><strong><span style=\"text-decoration: underline;\">Bio of Filmmaker:<\/span> <\/strong><strong style=\"font-size: 14px;\">Theto Maleka is a multidisciplinary artist whose practice is rooted in the spirit of vulnerability and local community, and, whose journey has taken her from the townships of Tubatse, Limpopo, RSA to the creative hubs off Southeast Asia and Ljubljana, Slovenia. Her directorial work on Molalatladi wa Bonke: A Rainbow for all of us showcases her unique ability to weave personal narratives into a &#8220;living mosaic&#8221; of activism and queer joy. Through her latest partnership with Bonke Sonjani and Ljubljana Pride, she aims to inspire a new generation of creators to use their talents as a tool for international connection and social change.  <\/strong><\/p>\n<p><span style=\"text-decoration: underline;\"><b>Exhibition:<\/b><\/span><b>  <\/b>Jozi \ud83d\udda4<br \/>Impressions from a trip to South Africa, 2025 Do you know the feeling of carrying a country within you for a long time? And then one day, you finally step into it. Things begin to unfold &#8211; about yourself, about others, and about life in general. <br \/> <span style=\"font-size: 14px;\"><strong>Recently, I heard that travel is a cultivation of the spirit. Maybe it truly is.  <\/strong><\/span>For me, it\u2019s the people who have stayed closest to my heart. Let me share a part of my South African story &#8211; portraits and spaces from a spontaneous solo journey through Johannesburg and Cape Town, and a little beyond.<\/p>\n<p><strong>Katja Goljat (1982) is a self-employed cultural worker, a photographer based in Ljubljana, <\/strong><strong>working in the field of contemporary auteur and documentary photography.  <\/strong>In her work she presents themes that excite her and reveal a glimpse of her own intimate world, or take her to<br \/>worlds beyond, where there are stories of people whose lifestyles are the result of social<br \/>transformations and tend to break away from the grip of cultural forms <strong>She treats the camera as a magical machine that translates her insights and  <\/strong><strong>feelings into images.prevaja v podobe.<\/strong><\/p>\n<p>[\/et_pb_text][et_pb_toggle title=&#8221;Accessibility&#8221; open_toggle_text_color=&#8221;gcid-heading-color&#8221; open_toggle_background_color=&#8221;#FFFFFF&#8221; closed_toggle_background_color=&#8221;#FFFFFF&#8221; icon_color=&#8221;gcid-056ddd95-f36c-4b68-a525-059afb18a33c&#8221; open_toggle_icon=&#8221;&#x50;||divi||400&#8243; _builder_version=&#8221;4.27.6&#8243; _module_preset=&#8221;default&#8221; title_text_color=&#8221;#000000&#8243; body_font=&#8221;salmond|500|||||||&#8221; text_orientation=&#8221;left&#8221; custom_margin=&#8221;0px||20px||false|false&#8221; custom_padding=&#8221;20px||5px||false|false&#8221; global_colors_info=&#8221;{%22gcid-056ddd95-f36c-4b68-a525-059afb18a33c%22:%91%22icon_color%22%93,%22gcid-heading-color%22:%91%22open_toggle_text_color%22%93}&#8221;]<\/p>\n<p>Coming Soon<\/p>\n<p>[\/et_pb_toggle][\/et_pb_column][\/et_pb_row][\/et_pb_section][et_pb_section fb_built=&#8221;1&#8243; _builder_version=&#8221;4.27.6&#8243; _module_preset=&#8221;default&#8221; background_color=&#8221;gcid-056ddd95-f36c-4b68-a525-059afb18a33c&#8221; global_colors_info=&#8221;{%22gcid-056ddd95-f36c-4b68-a525-059afb18a33c%22:%91%22background_color%22%93}&#8221;][et_pb_row _builder_version=&#8221;4.27.6&#8243; _module_preset=&#8221;default&#8221; width=&#8221;100%&#8221; module_alignment=&#8221;center&#8221; custom_margin=&#8221;0px||||false|false&#8221; custom_padding=&#8221;0px||||false|false&#8221; global_colors_info=&#8221;{}&#8221;][et_pb_column type=&#8221;4_4&#8243; _builder_version=&#8221;4.27.6&#8243; _module_preset=&#8221;default&#8221; global_colors_info=&#8221;{}&#8221;][et_pb_image src=&#8221;https:\/\/ljubljanapridefestival.org\/wp-content\/uploads\/2026\/04\/Vector-Smart-Object.png&#8221; title_text=&#8221;Vector Smart Object&#8221; _builder_version=&#8221;4.27.6&#8243; _module_preset=&#8221;default&#8221; global_colors_info=&#8221;{}&#8221;][\/et_pb_image][\/et_pb_column][\/et_pb_row][\/et_pb_section][et_pb_section fb_built=&#8221;1&#8243; _builder_version=&#8221;4.27.6&#8243; _module_preset=&#8221;default&#8221; global_colors_info=&#8221;{}&#8221;][et_pb_row disabled_on=&#8221;on|off|off&#8221; _builder_version=&#8221;4.27.6&#8243; _module_preset=&#8221;default&#8221; width=&#8221;100%&#8221; global_colors_info=&#8221;{}&#8221;][et_pb_column type=&#8221;4_4&#8243; _builder_version=&#8221;4.27.6&#8243; _module_preset=&#8221;default&#8221; global_colors_info=&#8221;{}&#8221;][et_pb_text _builder_version=&#8221;4.27.6&#8243; _module_preset=&#8221;default&#8221; text_text_color=&#8221;#FFFFFF&#8221; text_font_size=&#8221;1px&#8221; text_line_height=&#8221;1em&#8221; width=&#8221;100%&#8221; module_alignment=&#8221;center&#8221; global_colors_info=&#8221;{}&#8221;]<\/p>\n<table border=\"1\" style=\"width: 100%; border-collapse: collapse; border-style: hidden;\">\n<tbody>\n<tr>\n<td style=\"width: 33.3333%; border-style: hidden;\"><img loading=\"lazy\" decoding=\"async\" src=\"https:\/\/ljubljanapridefestival.org\/wp-content\/uploads\/2026\/04\/MOL_Cofinanced_Eng.png\" width=\"300\" height=\"212\" alt=\"\" class=\"wp-image-3971 aligncenter size-medium\"><\/td>\n<td style=\"width: 33.3333%; border-style: hidden;\"><\/td>\n<td style=\"width: 33.3333%;\"><\/td>\n<\/tr>\n<\/tbody>\n<\/table>\n<p>[\/et_pb_text][\/et_pb_column][\/et_pb_row][et_pb_row disabled_on=&#8221;off|on|on&#8221; _builder_version=&#8221;4.27.6&#8243; _module_preset=&#8221;default&#8221; width=&#8221;100%&#8221; global_colors_info=&#8221;{}&#8221;][et_pb_column type=&#8221;4_4&#8243; _builder_version=&#8221;4.27.6&#8243; _module_preset=&#8221;default&#8221; global_colors_info=&#8221;{}&#8221;][et_pb_text _builder_version=&#8221;4.27.6&#8243; _module_preset=&#8221;default&#8221; text_text_color=&#8221;#FFFFFF&#8221; text_font_size=&#8221;1px&#8221; text_line_height=&#8221;1em&#8221; width=&#8221;100%&#8221; module_alignment=&#8221;center&#8221; global_colors_info=&#8221;{}&#8221;]<\/p>\n<table border=\"1\" style=\"width: 100%; border-collapse: collapse; border-style: hidden;\">\n<tbody>\n<tr>\n<td style=\"width: 50%; border-style: hidden;\"><img loading=\"lazy\" decoding=\"async\" src=\"https:\/\/ljubljanapridefestival.org\/wp-content\/uploads\/2026\/04\/MOL_Cofinanced_Eng.png\" width=\"300\" height=\"212\" alt=\"\" class=\"wp-image-3971 aligncenter size-medium\"><\/td>\n<td style=\"width: 50%;\"><\/td>\n<\/tr>\n<\/tbody>\n<\/table>\n<p>[\/et_pb_text][\/et_pb_column][\/et_pb_row][\/et_pb_section]<\/p>\n","protected":false},"excerpt":{"rendered":"<p>Join us for an hour to explore connections from artists and activists travelling from Slovenia to South Africa to Slovenia. Throughout the documentary \u201cMolalatladi wa Bonke\u201d we will follow South [&hellip;]<\/p>\n","protected":false},"author":1,"featured_media":3686,"template":"","meta":{"_et_pb_use_builder":"on","_et_pb_old_content":"","_et_gb_content_width":"","_tribe_events_status":"","_tribe_events_status_reason":"","footnotes":""},"tags":[],"tribe_events_cat":[42],"class_list":["post-4244","tribe_events","type-tribe_events","status-publish","has-post-thumbnail","hentry","tribe_events_cat-documentary-film-with-discussion","cat_documentary-film-with-discussion"],"_links":{"self":[{"href":"https:\/\/ljubljanapridefestival.org\/en\/wp-json\/wp\/v2\/tribe_events\/4244","targetHints":{"allow":["GET"]}}],"collection":[{"href":"https:\/\/ljubljanapridefestival.org\/en\/wp-json\/wp\/v2\/tribe_events"}],"about":[{"href":"https:\/\/ljubljanapridefestival.org\/en\/wp-json\/wp\/v2\/types\/tribe_events"}],"author":[{"embeddable":true,"href":"https:\/\/ljubljanapridefestival.org\/en\/wp-json\/wp\/v2\/users\/1"}],"version-history":[{"count":5,"href":"https:\/\/ljubljanapridefestival.org\/en\/wp-json\/wp\/v2\/tribe_events\/4244\/revisions"}],"predecessor-version":[{"id":4249,"href":"https:\/\/ljubljanapridefestival.org\/en\/wp-json\/wp\/v2\/tribe_events\/4244\/revisions\/4249"}],"wp:featuredmedia":[{"embeddable":true,"href":"https:\/\/ljubljanapridefestival.org\/en\/wp-json\/wp\/v2\/media\/3686"}],"wp:attachment":[{"href":"https:\/\/ljubljanapridefestival.org\/en\/wp-json\/wp\/v2\/media?parent=4244"}],"wp:term":[{"taxonomy":"post_tag","embeddable":true,"href":"https:\/\/ljubljanapridefestival.org\/en\/wp-json\/wp\/v2\/tags?post=4244"},{"taxonomy":"tribe_events_cat","embeddable":true,"href":"https:\/\/ljubljanapridefestival.org\/en\/wp-json\/wp\/v2\/tribe_events_cat?post=4244"}],"curies":[{"name":"wp","href":"https:\/\/api.w.org\/{rel}","templated":true}]}}

<p>[et_pb_section fb_built=&#8221;1&#8243; _builder_version=&#8221;4.27.6&#8243; _module_preset=&#8221;default&#8221; background_color=&#8221;gcid-056ddd95-f36c-4b68-a525-059afb18a33c&#8221; background_enable_image=&#8221;off&#8221; global_colors_info=&#8221;{%22gcid-056ddd95-f36c-4b68-a525-059afb18a33c%22:%91%22background_color%22%93}&#8221;][et_pb_row _builder_version=&#8221;4.27.6&#8243; _module_preset=&#8221;default&#8221; width=&#8221;95%&#8221; hover_enabled=&#8221;0&#8243; global_colors_info=&#8221;{}&#8221; sticky_enabled=&#8221;0&#8243;][et_pb_column type=&#8221;4_4&#8243; admin_label=&#8221;Column&#8221; _builder_version=&#8221;4.27.6&#8243; _module_preset=&#8221;default&#8221; global_colors_info=&#8221;{}&#8221;][et_pb_text _builder_version=&#8221;4.27.6&#8243; _module_preset=&#8221;default&#8221; text_font=&#8221;salmond|800|||||||&#8221; text_text_color=&#8221;#FFFFFF&#8221; custom_margin=&#8221;25px||25px||true|false&#8221; hover_enabled=&#8221;0&#8243; global_colors_info=&#8221;{}&#8221; sticky_enabled=&#8221;0&#8243;]</p>
<p><strong>Join us for an hour to explore connections from artists and activists travelling from Slovenia to South Africa to Slovenia. Throughout the documentary “Molalatladi wa Bonke” we will follow South African human rights activists and archivist, Bonke Sonjani (he/they) from their home in South Africa to attend Ljubljana Pride week 2025. Through Bonke’s journey, filmmaker Theto Maleka shows us a sensory, mosaic-style documentary connecting global voices across 21 countries, following the cultural bridge between South Africa and Slovenia during Ljubljana Pride 2025 to prove that joy is the ultimate blueprint for transnational policy.<br />The documentary will be accompanied by an artist talk with Theto and Bonke, as well as an exhibition from Slovene photographer and cultural worker, Katja Goljat, who was key in initiating the partnership between Ljubljana Pride and South African LGBTIQ+ activists.<br />   </strong></p>
<p><strong><span style="text-decoration: underline;">Description of Documentary:</span>  </strong><strong>Molalatladi wa Bonke je vezenina svetovne solidarnosti LGBTQI+, kjer se veselje spremeni v politiko. Ta inovativni, nelinearni film sledi moči transnacionalnih omrežij skozi prepleteni mozaik šestih globalnih glasov. Sledi Bonkeju, južnoafriškemu aktivistu, med njegovim povezovanjem z evropskimi aktivistkami_i na Ljubljanskem Prajdu 2025, mapira kulturno izmenjavo, skupne strategije in kolektivno odpornost.  </strong></p>
<p><strong>In just 30 minutes, the documentary delves into:</strong></p>
<ul>
<li><strong>Combating hate speech through visibility and storytelling.<br /></strong></li>
<li><strong>The politics of joy as a force for policy change.</strong></li>
<li><strong>The future of international queer collaboration and mutual support.</strong></li>
</ul>
<p><strong>It serves as a vivid portrait of how personal courage translates into policy ambition, Molalatladi wa Bonke invites viewers to witness, reflect, and imagine a more interconnected, inclusive future for LGBTQI+ activism worldwide.</strong></p>
<p><strong><span style="text-decoration: underline;">Bio of Filmmaker:</span> </strong><strong style="font-size: 14px;">Theto Maleka is a multidisciplinary artist whose practice is rooted in the spirit of vulnerability and local community, and, whose journey has taken her from the townships of Tubatse, Limpopo, RSA to the creative hubs off Southeast Asia and Ljubljana, Slovenia. Her directorial work on Molalatladi wa Bonke: A Rainbow for all of us showcases her unique ability to weave personal narratives into a &#8220;living mosaic&#8221; of activism and queer joy. Through her latest partnership with Bonke Sonjani and Ljubljana Pride, she aims to inspire a new generation of creators to use their talents as a tool for international connection and social change.  </strong></p>
<p><span style="text-decoration: underline;"><b>Exhibition:</b></span><b>  </b>Jozi 🖤<br />Impressions from a trip to South Africa, 2025 Do you know the feeling of carrying a country within you for a long time? And then one day, you finally step into it. Things begin to unfold &#8211; about yourself, about others, and about life in general. <br /> <span style="font-size: 14px;"><strong>Recently, I heard that travel is a cultivation of the spirit. Maybe it truly is.  </strong></span>For me, it’s the people who have stayed closest to my heart. Let me share a part of my South African story &#8211; portraits and spaces from a spontaneous solo journey through Johannesburg and Cape Town, and a little beyond.</p>
<p><strong>Katja Goljat (1982) is a self-employed cultural worker, a photographer based in Ljubljana, </strong><strong>working in the field of contemporary auteur and documentary photography.  </strong>In her work she presents themes that excite her and reveal a glimpse of her own intimate world, or take her to<br />worlds beyond, where there are stories of people whose lifestyles are the result of social<br />transformations and tend to break away from the grip of cultural forms <strong>She treats the camera as a magical machine that translates her insights and  </strong><strong>feelings into images.prevaja v podobe.</strong></p>
<p>[/et_pb_text][et_pb_toggle title=&#8221;Accessibility&#8221; open_toggle_text_color=&#8221;gcid-heading-color&#8221; open_toggle_background_color=&#8221;#FFFFFF&#8221; closed_toggle_background_color=&#8221;#FFFFFF&#8221; icon_color=&#8221;gcid-056ddd95-f36c-4b68-a525-059afb18a33c&#8221; open_toggle_icon=&#8221;&#x50;||divi||400&#8243; _builder_version=&#8221;4.27.6&#8243; _module_preset=&#8221;default&#8221; title_text_color=&#8221;#000000&#8243; body_font=&#8221;salmond|500|||||||&#8221; text_orientation=&#8221;left&#8221; custom_margin=&#8221;0px||20px||false|false&#8221; custom_padding=&#8221;20px||5px||false|false&#8221; global_colors_info=&#8221;{%22gcid-056ddd95-f36c-4b68-a525-059afb18a33c%22:%91%22icon_color%22%93,%22gcid-heading-color%22:%91%22open_toggle_text_color%22%93}&#8221;]</p>
<p>Coming Soon</p>
<p>[/et_pb_toggle][/et_pb_column][/et_pb_row][/et_pb_section][et_pb_section fb_built=&#8221;1&#8243; _builder_version=&#8221;4.27.6&#8243; _module_preset=&#8221;default&#8221; background_color=&#8221;gcid-056ddd95-f36c-4b68-a525-059afb18a33c&#8221; global_colors_info=&#8221;{%22gcid-056ddd95-f36c-4b68-a525-059afb18a33c%22:%91%22background_color%22%93}&#8221;][et_pb_row _builder_version=&#8221;4.27.6&#8243; _module_preset=&#8221;default&#8221; width=&#8221;100%&#8221; module_alignment=&#8221;center&#8221; custom_margin=&#8221;0px||||false|false&#8221; custom_padding=&#8221;0px||||false|false&#8221; global_colors_info=&#8221;{}&#8221;][et_pb_column type=&#8221;4_4&#8243; _builder_version=&#8221;4.27.6&#8243; _module_preset=&#8221;default&#8221; global_colors_info=&#8221;{}&#8221;][et_pb_image src=&#8221;https://ljubljanapridefestival.org/wp-content/uploads/2026/04/Vector-Smart-Object.png&#8221; title_text=&#8221;Vector Smart Object&#8221; _builder_version=&#8221;4.27.6&#8243; _module_preset=&#8221;default&#8221; global_colors_info=&#8221;{}&#8221;][/et_pb_image][/et_pb_column][/et_pb_row][/et_pb_section][et_pb_section fb_built=&#8221;1&#8243; _builder_version=&#8221;4.27.6&#8243; _module_preset=&#8221;default&#8221; global_colors_info=&#8221;{}&#8221;][et_pb_row disabled_on=&#8221;on|off|off&#8221; _builder_version=&#8221;4.27.6&#8243; _module_preset=&#8221;default&#8221; width=&#8221;100%&#8221; global_colors_info=&#8221;{}&#8221;][et_pb_column type=&#8221;4_4&#8243; _builder_version=&#8221;4.27.6&#8243; _module_preset=&#8221;default&#8221; global_colors_info=&#8221;{}&#8221;][et_pb_text _builder_version=&#8221;4.27.6&#8243; _module_preset=&#8221;default&#8221; text_text_color=&#8221;#FFFFFF&#8221; text_font_size=&#8221;1px&#8221; text_line_height=&#8221;1em&#8221; width=&#8221;100%&#8221; module_alignment=&#8221;center&#8221; global_colors_info=&#8221;{}&#8221;]</p>
<table border="1" style="width: 100%; border-collapse: collapse; border-style: hidden;">
<tbody>
<tr>
<td style="width: 33.3333%; border-style: hidden;"><img loading="lazy" decoding="async" src="https://ljubljanapridefestival.org/wp-content/uploads/2026/04/MOL_Cofinanced_Eng.png" width="300" height="212" alt="" class="wp-image-3971 aligncenter size-medium"></td>
<td style="width: 33.3333%; border-style: hidden;"></td>
<td style="width: 33.3333%;"></td>
</tr>
</tbody>
</table>
<p>[/et_pb_text][/et_pb_column][/et_pb_row][et_pb_row disabled_on=&#8221;off|on|on&#8221; _builder_version=&#8221;4.27.6&#8243; _module_preset=&#8221;default&#8221; width=&#8221;100%&#8221; global_colors_info=&#8221;{}&#8221;][et_pb_column type=&#8221;4_4&#8243; _builder_version=&#8221;4.27.6&#8243; _module_preset=&#8221;default&#8221; global_colors_info=&#8221;{}&#8221;][et_pb_text _builder_version=&#8221;4.27.6&#8243; _module_preset=&#8221;default&#8221; text_text_color=&#8221;#FFFFFF&#8221; text_font_size=&#8221;1px&#8221; text_line_height=&#8221;1em&#8221; width=&#8221;100%&#8221; module_alignment=&#8221;center&#8221; global_colors_info=&#8221;{}&#8221;]</p>
<table border="1" style="width: 100%; border-collapse: collapse; border-style: hidden;">
<tbody>
<tr>
<td style="width: 50%; border-style: hidden;"><img loading="lazy" decoding="async" src="https://ljubljanapridefestival.org/wp-content/uploads/2026/04/MOL_Cofinanced_Eng.png" width="300" height="212" alt="" class="wp-image-3971 aligncenter size-medium"></td>
<td style="width: 50%;"></td>
</tr>
</tbody>
</table>
<p>[/et_pb_text][/et_pb_column][/et_pb_row][/et_pb_section]</p>
